 - 11.
-2
Calculate -82 - -119 - 51 - (0 + -10).
-4
Evaluate (3 - 1) + -12 - (-7 - 13).
10
What is -1 + 3 + -14 - (366 - 388)?
10
Evaluate 9 + ((-1 + 3 - 5) + 6 - 10).
2
-2 - 0 - (5 - -4 - 21)
10
30 - (-14 + 37 - 13)
20
(34 - -18) + -19 + -21
12
(30 - -13) + -20 - 8
15
Calculate -1 + -13 + 128 + -110.
4
Calculate -12 - (5 + -16 - 8).
7
What is the value of -2 + (-46 - -20) + 9?
-19
Calculate 2 - (-6 - 1 - (-10 - -9) - -21).
-13
9 - (13 - ((1 - 2) + 5))
0
10 + 8 + 5 + -16 + 0
7
40 - (51 - (21 - 28))
-18
What is the value of (13 - (-14 - -40)) + 14?
1
Evaluate -20 - (-22 + 48 + -63).
17
What is the value of 36 + (1 - 2) + -16 - 16?
3
What is 6 + 8 + -4 - (-3 - (1 + -2))?
12
What is the value of -7 + (-11 + 4 - -21)?
7
What is -6 + 3 + -27 - -27?
-3
Calculate (-39 - (-18 + 18 - (-2 + -4))) + 8.
-37
Calculate 11 + ((-12 - -15) + -5 - 6).
3
What is the value of -27 - -13 - (2 + -2)?
-14
Evaluate 10 + -21 + -13 + 9 - -31.
16
What is 4 + -3 - 3 - (20 - 1)?
-21
What is 1 - -3 - (-34 - -34) - (5 - 0)?
-1
What is the value of (-3 + 5 - -5) + -14 - (-29 + 1)?
21
What is the value of (-3 - 0) + (8 - (-9 - -4) - 8)?
2
What is 0 - 8 - (-7 - (-68 + 39))?
-30
Calculate (48 - 23 - 18) + -4 - (-8 - 0).
11
Evaluate -4 + (-3 - 4) + 6.
-5
(3 - (7 - 8)) + -2 - -5
7
Calculate (-9 - -16) + (2 - (-5 + (1 - -5))).
8
Calculate 78 - 55 - ((2 - 1) + 1 + 2).
19
-222 + 190 + 7 + -1 + 0 + 3
-23
What is the value of -14 + (19 + -7 - 11)?
-13
Calculate -11 + (9 - 8) - (-39 - -33).
-4
Calculate -4 + (5 - ((-2 - 14) + 9)).
8
Calculate -10 + 0 - (-12 - -1).
1
Calculate 41 + (-8 - 5) + -12.
16
5 - (-4 - (-17 + 14))
6
What is -14 - (-17 + -20 + 19 + -1)?
5
What is the value of (-102 - -98 - (2 + -15)) + 9?
18
Evaluate -7 + 1 + -29 + 64 + -17.
12
(-36 + 49 - 51) + 65
27
Evaluate 5 - (20 - (-10 + 17)).
-8
Calculate -47 + (-6 - -47) + 1 + -9 + 2.
-12
What is (6 - (-3 + 2)) + (102 - 103)?
6
What is 25 - (9 + -1 + (17 - 4) + -11)?
15
What is the value of (-15 - 2) + 9 + (-20 - 3)?
-31
What is the value of (4 + -1 - -16) + (-371 - -376)?
24
(-25 - -1) + 1237 + -1226
-13
0 - (15 - (16 - 6) - 15)
10
27 + 1 + -7 + 13 + (-12 - 0)
22
What is 40 + -79 + (0 - (-9 - 0))?
-30
What is -6 + 10 + (-7 + 11 - -7)?
15
Evaluate 0 + 2 - (-31 + 47).
-14
Evaluate (-6 - -1) + (-33 - -1 - -29).
-8
What is -1 + -18 + (0 + -4 - 8 - -6)?
-25
What is the value of -29 + 44 + -5 + (1 - -7) + 2?
20
What is the value of 3 + 23 + 33 + -33?
26
Evaluate -4 - (-2 + 0 + -2) - (-30 - -13).
17
What is -1 + 0 + 7 - (8 - 13 - -15)?
-4
What is the value of 0 - (2 + -4) - 3 - (66 + -67)?
0
Calculate 11 - ((40 - 33) + -14).
18
What is -1 + 1 - (14 - (17 - 6))?
-3
What is 44 + (-12 + 2 - 19)?
15
What is 10 + 7 + (34 - 67)?
-16
Calculate -8 + (-5 + 9 + 4 + -3 - -30).
27
Evaluate -18 - -1 - (-76 + 90 - 60).
29
Calculate (-1 - 1) + -18 - (-650 - -654).
-24
What is the value of 12 - 4 - (17 + 2) - -1?
-10
Evaluate 1 + 5 + (-3 + -13 - -10).
0
What is the value of 2 - ((9 - (-3 + 8)) + -3)?
1
-5 + (0 - (5 + -6) - -7 - 1)
2
What is the value of 28 + -5 - (16 - 5)?
12
Evaluate 2 + 3 + -2 + (-72 - -83).
14
What is -6 + (7 - (-1 - (0 - 5))) - -8?
5
What is the value of 54 - 89 - -59 - (8 - 0)?
16
-1147 - -1168 - (3 - 0)
18
What is -74 - 24 - -84 - (-1 - 49)?
36
-903 + 899 + (-13 - (-1 - (1 + -1)))
-16
Evaluate -17 - (-15 + (-19 - -37)).
-20
Calculate 5 + 4 + -5 + (-12 - 17) + 11.
-14
What is the value of -1 + (3 - (5 + (-21 - 3))) - 4?
17
-9 + (8 - (3 + 1) - (1 + -3))
-3
0 + 1 + (-6 - (0 + -16)) - -2
13
5 - (7 + -16 + 7)
7
Calculate (0 - -1) + -15 + -4 + 27 + -26.
-17
What is 117 + -111 + (-2 - 2) + 20?
22
Evaluate 1 - (-3 + 6) - (-4 - 12 - -11).
3
Evaluate -1 + -17 + (-3 + (-3 - -11) - -4).
-9
-3 - 1 - (3 + 10 + -8)
-9
-31 + (-4 - -1) + 12 + -10
-32
What is -13 - (10 + -4 + -24)?
5
What is the value of -8 + 1 + 0 + 5 + 1?
-1
Evaluate ((-14 - -10) + -4 - 5) + -2.
-15
-5 - (10 + -4 + (-3 - -10) + -14)
-4
What is the value of (-6 - 5) + 1 + 9 + -7?
-8
What is -8 + (13 - 19) - -12?
-2
Calculate -23 + 6 + -1 + -1 - -7.
-12
What is the value of 188 - 188 - (-18 - -3)?
15
Evaluate 8 + (-29 - -24) - ((1 - 3) + -6).
11
Calculate 21 - 10 - (5 + -6 - -14).
-2
4 + 14 + 9 - ((5 - 16) + 10)
28
Calculate (-6 - -6) + 13 - (6 + -15).
22
8 + (0 - (-7 + 17 + -5))
3
Evaluate 6 - (6 + 19 + -16).
-3
Evaluate -25 - 6 - -25 - (2 - 10).
2
Evaluate (202 - 214) + 2 + 0.
-10
What is the value of -8 + (-2 - (-35 - -11)) + -13?
1
13 - (0 + 5 + 15)
-7
(165 - 131) + (-88 - -13)
-41
What is (0 - (2 + -3)) + -6 + 9 + 3?
7
Calculate -14 + (27 - -1) - 35.
-21
Calculate (-9 - -13) + (1 + (-1 - 17) - -2).
-11
Calculate 63 + -90 + (-4 - -4).
-27
What is -1 - (-4 + 13) - (-19 + 7 + -15)?
17
What is the value of -14 + 5 - (-6 - (17 - 0))?
14
(10 - 7) + (-5 - 1) + 9
6
9 + (-18 - (-6 + -4)) + 2
3
Evaluate -2 - 1 - ((8 - -2) + (10 - 10)).
-13
What is the value of -4 - -12 - (3 - (3 - -9))?
17
Calculate 10 + -7 + 16 - 10.
9
(-3 - -3) + -13 + (2 - (16 - 13))
-14
Evaluate -19 + 16 - 9 - -5.
-7
Evaluate 3 + -11 + -3 + 14 + -20.
-17
What is 4 - (16 - (7 + -3))?
-8
What is (-3 - (-10 - 1) - -6 - 7) + -25?
-18
What is -10 - 1 - (6 - 23 - -7) - -15?
14
What is the value of -14 - (-14 - (-17 - -32))?
15
Calculate -29 + -21 + 55 - (2 - (-2 + -10)).
-9
Calculate 14 - (9 + 5 + -6 + -2).
8
What is the value of -22 + -17 + -1 + 9?
-31
-7 + -29 + 33 + (0 - 1) - -4
0
320 + -327 + -9 + (0 - 2)
-18
What is the value of -10 - (-50 + 10) - (-5 + 9) - -10?
36
What is 2 + 3 + -3 + -2 + -2?
-2
What is the value of -30 + -4 + 33 + -23?
-24
What is (5 - -1) + (-7 + 19 + -12 - -5)?
11
Calculate (7 - 0) + 42 + -64.
-15
17 + 0 - (4 + -2 - 0)
15
What is -2 - ((-13 - -24) + -10)?
-3
-9 + (2 - 1 - -1) + (683 - 694)
-18
Evaluate 18 + 9 - (20 - 17).
24
What is the value of (-8 - -6) + (6 - (0 - (-19 + 7)))?
-8
-3 + -13 + 26 + -2 + -1 - 7
0
What is the value of 30 + 0 - (618 + -608)?
20
What is the value of 15 + (-19 - (13 + -15 + 18))?
-20
-23 + 0 - (19 - -5 - 33)
-14
What is 7 - (-10 - -13) - -12?
16
What is the value of 26 + -2 + -47 - (-4 + 2 - 0)?
-21
What is the value of 14 + (7 - 12) + -23?
-14
Evaluate -55 + 91 + (-3 - 5).
28
What is the value of (-37 - -12) + 8 - -11 - (26 + -1)?
-31
What is the value of -89 + (27 - 14) + 39?
-37
(14 + 1 - (-1 + 4)) + -12 + -27
-27
Calculate (5 + 1 - (-12 + 3)) + -6 - 15.
-6
Evaluate (2 + -5 - -1 - 0) + -200 + 209.
7
What is -4 + (4 - 3) + 0 - (41 + -48)?
4
What is (4 - -5) + 1 - (3 - -16)?
-9
Calculate -1176 - -1185 - (41 + 0).
-32
Evaluate 5 + 4 + (-3 + 4 - (2 - 2)).
10
Calculate (233 - 232) + (0 - 1).
0
1 - 0 - -6 - (14 - 8)
1
Evaluate -11 + 10 - (-4 + -5 + 8 + -6).
6
Evaluate -37 + 12 + 9 + 13 + (19 - 2).
14
8 + 0 + (-20 - -6)
-6
What is the value of 33 - (-18 + (15 - -15))?
21
What is 11 - (13 - 0) - 4?
-6
What is the value of -31 + (20 + 24 - 41)?
-28
What is the value of (2339 - 2358) + (2 - 1 - -31)?
13
What is the value of 19 + 55 + -54 + (-45 - 4)?
-29
Calculate 2 + (118 - 123 - (-15 - -1)).
11
What is the value of 19 - 20 - (-1 - 15)?
15
Evaluate 69 - 81 - (-1 - -2).
-13
Calculate -1 - (12 + (5 - 7) + -24).
13
Calculate -12 - (12 + -6 + -26).
8
What is (988 - 950) + 2 + -23?
17
What is -23 + 31 + (4 - 13)?
-1
34 - (23 + (30 - 17))
-2
(4 - 1) + (106 - 112)
-3
What is the value of -54 + 18 + 3 - -29?
-4
What is (-5 - -1) + 24 + -19 - -20?
21
Evaluate (-15 - -38) + (8 - 49).
-18
-1 - 10 - ((-17 - 8) + -2)
16
Calculate 10 - (12 - 4) - (1 - 3).
4
Evaluate 1 + -20 + -18 + 27.
-10
((-9 - -8) + 5 - 25) + 7
-14
-22 - (-11 - 15) - 30
-26
Calculate (-14 - (-15 + 23 + -7)) + 30.
15
What is the value of 15 + -30 + 6 + (3 - 15)?
-21
(14 - 16) + 4 + 1
3
What is the value of 16 + -32 + -2 + (1 - 2)?
-19
What is 13 + (-4 - 15 - -14)?
8
Evaluate (127 - 108) + (-25 - 0).
-6
What is (8 - (-63 + 62 - (-1 + -1))) + -6?
1
Evaluate 7 + -40 + 48 + (0 - 23).
-8
What is the value of 45 + -11 + -1 + 10 + -15 + 3?
31
Calculate (-69 - -29) + 20 - (4 - (0 - 4)).
-28
What is the value of 13 - 5 - (72 + -78)?
14
What is (-13 - -32 - 10) + -4?
5
What is 71 + -93 + 10 + 2?
-10
Calculate -6 + 0 + 13 + 6 + (1 - 2).
12
Calculate (0 - -32) + -1071 + 1076.
37
Evaluate (17 - (0 + 11)) + -2 + -15.
-11
Calculate (5 - (-9 + 7)) + -13.
-6
What is the value of -3 + (19 - 32) + 24?
8
Evaluate 2 + (-4 +